s the highest common divisor of o and 14?
14
Let z be (-90)/105 - 1/7. Let c be 0/(-5) - (0 + z). What is the highest common divisor of 11 and c?
1
Let t(w) = w**2 + 14*w - w**2 - 3*w**2 + 4 + 4*w**2. Let d be t(-14). Calculate the greatest common divisor of 44 and d.
4
Let f(s) = -s**2 + 19*s - 8. Let m be f(4). Calculate the highest common factor of m and 13.
13
Let h(u) = u**2 + u - 12. Let b be h(-5). What is the greatest common factor of b and 2?
2
Suppose -4*x - 2*w = -16, 0*x = -2*x + w + 12. What is the highest common factor of 20 and x?
5
Let u(y) = 6*y - 7. Let x be u(7). Let i = 24 - x. Let z(g) = -g + 13. Let b be z(i). Calculate the highest common divisor of b and 8.
8
Let v be 21/9 - 2/(-3). Suppose -5*h + 111 = 5*c - 4, 5*h - 4*c = 97. Calculate the greatest common divisor of v and h.
3
Suppose 0 = -4*u + 5*u - 36. Suppose -2*v = -3*v - 7. Let f be 30/7 - (-2)/v. What is the highest common divisor of u and f?
4
Suppose -5 = p, 5*p = 3*v + 2*p - 54. Suppose 5*n = -v - 67. Let t be (825/(-20))/(6/n). Calculate the highest common factor of t and 11.
11
Let m be (-1 - -28)/(-6 + 3 - -4). Calculate the highest common factor of 9 and m.
9
Let j be 5 + -1 - (-1 + 4). Let d(g) = 3*g**3 + g. Let l be d(-1). Let c = -1 - l. What is the highest common factor of j and c?
1
Suppose 0 = 7*v - 43 - 41. Suppose 2*r - 22 = -6. What is the highest common divisor of v and r?
4
Suppose 7 - 8 = q. Let x be (-204)/(-16) + q/(-4). Calculate the highest common factor of x and 65.
13
Let r be ((-4)/10)/((-3)/15). Suppose -30 = 5*u - 10*u. What is the greatest common factor of r and u?
2
Let a be ((-135)/12)/(-5)*16. What is the greatest common factor of a and 90?
18
Let u(b) = b - 2. Let f be u(2). Suppose f*q = -q + 6. Calculate the greatest common divisor of 18 and q.
6
Let y be (-47)/3 - (-4)/(-12). Let o = y - -28. Let d(c) = -12*c**3 + c**2 + 3*c + 2. Let x be d(-2). Calculate the highest common factor of o and x.
12
Let q = 62 - 11. Let z(u) = u**3 + 3*u**2 - 5*u - 6. Let k be z(-5). Let s = -14 - k. Calculate the greatest common divisor of s and q.
17
Let d = 12 - 7. Suppose -25 = -d*p + 85. Suppose -p = y - 102. What is the greatest common factor of y and 10?
10
Suppose -7*z + 75 = -2*z. Calculate the highest common divisor of z and 30.
15
Suppose 23 = 4*z - z + 4*f, 0 = -3*z + 4*f - 17. What is the highest common divisor of 1 and z?
1
Let k(j) = j - 10. Let w be k(5). Let x be (-275)/w - 2/2. What is the highest common divisor of x and 6?
6
Let c(j) = j**3 + 5*j**2 - 2*j - 5. Let y be c(-5). Let f = y + 64. Calculate the highest common factor of f and 46.
23
Let a(n) = -n**3 + 6*n**2 + 11*n - 13. Let j be a(7). Let m(v) = 15*v. Suppose 5*h = 2 + 23. Let f be m(h). What is the greatest common factor of j and f?
15
Let u(s) = -156*s**3 + 4*s**2 + 3*s - 1. Let j be u(-1). What is the greatest common divisor of j and 12?
12
Let j be (20/15)/((-6)/(-45)). Calculate the greatest common factor of 4 and j.
2
Suppose -2*z - 5 - 1 = -4*l, 2*l = 0. Let f be (-2)/z - 1/(-3). Let g = 5 + 4. What is the highest common factor of f and g?
1
Let o be (-6 + -3)/((-2)/14). Calculate the highest common divisor of o and 7.
7
Suppose 4*h - 81 - 15 = 0. Suppose j = 5*u + 70, 5*u = -5*j + 22 + 268. What is the greatest common divisor of h and j?
12
Suppose 5*d = z + 8, -d + 4 = -2*d + 3*z. Suppose 2*y - d = 0, y - 33 = -2*p - 0*p. What is the highest common factor of 80 and p?
16
Suppose -5*o + 147 = y - 4*y, 0 = -2*y - 8. Let b = 31 + -19. Suppose 0 = 4*j - 5*f - b, -3*j - 2*f = -4*f - 9. What is the highest common divisor of j and o?
3
Let j be (11 - (-4 - -2)) + -2. Calculate the greatest common divisor of j and 11.
11
Let m(p) = -4*p - 3. Let f be m(-7). Suppose 179 + 96 = g. Calculate the highest common divisor of g and f.
25
Let q = -42 - -58. What is the highest common factor of 40 and q?
8
Let w(n) = -8*n + 4. Let i = 9 + -13. Let t be w(i). Let z be -1*(-3)/6*48. Calculate the greatest common factor of z and t.
12
Let s = 134 - 98. What is the greatest common divisor of 16 and s?
4
Suppose 2*f + 27 - 3 = 0. Let z = f - -18. Calculate the greatest common factor of 9 and z.
3
Suppose 0 = -5*s + 4*r - 29 + 7, 4*s + 2 = -2*r. Let o = -1 - s. Calculate the highest common factor of o and 5.
1
Let b = -4 + 7. Let k(q) = 2*q + 0*q**3 + 8*q + 14 + q**b - 11*q**2. Let j be k(10). What is the highest common divisor of j and 21?
7
Suppose -2*h - 58 = -5*q - 5*h, -2*h + 24 = 2*q. Let l = q - -6. Calculate the greatest common divisor of 51 and l.
17
Suppose -2*g = 3*a - 4, 4*a - 5*a - g + 1 = 0. What is the greatest common factor of a and 2?
2
Let d(x) = x**2 - 8*x - 13. Let l be d(10). Let m be 6/(3/(-2) - 0). Let j be ((-15)/10)/(6/m). Calculate the greatest common factor of j and l.
1
Suppose 140 = 5*r + 45. Let b(h) = h**3 + 6*h**2 - 7*h - 4. Let k be b(-6). What is the highest common divisor of r and k?
19
Suppose -d = -3*r + 170, 5*r - 2*d - 390 = -108. Suppose 5*s - r = n - 4, 2*n = 2*s - 28. What is the highest common divisor of 80 and s?
10
Suppose 7 = 4*m - 69. What is the highest common factor of m and 19?
19
Let h be (-4)/(-18) + (-34)/(-9). Suppose h*k - 55 = -k. Calculate the highest common factor of k and 99.
11
Let q = 180 + -100. Calculate the highest common divisor of q and 10.
10
Let g = -3 - -12. Suppose 4*p - g + 1 = 0. Calculate the greatest common divisor of 18 and p.
2
Suppose t - 17 = -3*y, -2*t + 0*t - 4*y = -34. What is the greatest common factor of 85 and t?
17
Let h = 16 - 11. Suppose -o - m + 3 = -4*m, -h*o - 13 = -m. Let p = o - -6. Calculate the highest common factor of p and 9.
3
Let b = -53 + 95. Let u = -15 + 21. Let t be u/5*(-4 + 9). Calculate the greatest common factor of t and b.
6
Suppose -263 + 11 = -4*h. Calculate the highest common factor of 42 and h.
21
Let j(b) = -b + 4. Let s be j(0). Suppose -y + s = -0*y. Let w be 46/y + (-1)/2. Calculate the highest common factor of 77 and w.
11
Let v(x) = -35*x**3 + 1. Let u be v(-1). Let a be 1/(-1*(-3 + 4)). Let b(j) = 12*j**2 - j - 1. Let p be b(a). What is the highest common divisor of p and u?
12
Let x be (-2)/3*(-216)/2. Let k be 9/1*(-3 - -1). Let s be 550/45 - (-4)/k. Calculate the highest common factor of x and s.
12
Let d(m) = m**2 - 8*m + 6. Suppose 0 = -4*y + 13 + 11. Let f be d(y). Let u be 120/9 + (-4)/f. Calculate the greatest common divisor of u and 2.
2
Let a(k) = 19*k**3 + k**2 - 2*k + 1. Let o be a(1). Suppose -3*m - z + 456 = 0, -3*z + 8*z - 456 = -3*m. What is the highest common divisor of o and m?
19
Let b(d) = -2*d**3 + 5*d**2 - 3*d + 1. Let m be b(4). Let y = -33 - m. What is the highest common divisor of 208 and y?
26
Suppose 4*a - 7 = 9. Suppose 2*k - 160 = -3*k. Let g = k + 0. Calculate the greatest common divisor of g and a.
4
Suppose 5*h - a = -3*a + 137, h = 5*a + 22. Calculate the highest common divisor of 27 and h.
27
Let w(o) = 2*o**3 - 2*o**2 + 5*o + 3. Let g be w(4). Suppose 0*p = -3*p + 51. What is the greatest common divisor of p and g?
17
Let p(y) = 2*y - 7. Let z(u) = u - 4. Let n(j) = 2*p(j) - 5*z(j). Let b be n(-8). What is the greatest common divisor of b and 2?
2
Let c(h) = h**2 - 3*h - 4. Let f be c(4). Let q be -4*(f/(-1) - 4). Calculate the highest common factor of 80 and q.
16
Let u be (11/(66/4))/(1/33). What is the highest common divisor of u and 1?
1
Let y(w) = 4*w**2 + 3*w**3 + 5*w - w**3 - 3*w**3 - 2. Let i be y(4). Calculate the greatest common divisor of i and 6.
6
Suppose 3*c - 14 = 118. Suppose -12 = -3*r, 32 = 5*q + 3*r - 0*r. Suppose q*u = 2*u + 22. Calculate the highest common divisor of c and u.
11
Let n be 0 - (-5 + 2 + -2). Suppose 4*z - 68 = -2*d, 4*z - 2*d = -n*d + 70. What is the highest common divisor of z and 16?
16
Let n = -13 + 10. Let m be n + -183*4/(-4). Calculate the greatest common factor of 20 and m.
20
Let k = -10 + 14. Let g(f) = 2*f - 4. Let x be g(3). Let c be (-7)/(21/(-90)) - x. Calculate the greatest common factor of k and c.
4
Suppose -21 = 3*p - 129. Suppose 4*i = 58 + 38. Calculate the greatest common divisor of i and p.
12
Let c(y) = 10*y**2 + y - 2. Let k be c(-2). Let u be (-3 - -1) + (0 - 0). Let b be (-58)/(-6) - u/(-3). Calculate the greatest common factor of k and b.
9
Suppose 261 - 21 = 3*r. Su